8*p**2 + 8*p + 9. Let k be v(-7). Suppose -5*u + 45 = -0*j + 3*j, k*u = j + 7. What are the prime factors of ((-4)/6)/(u/(-99))?
11
Let y = 41 + 196. What are the prime factors of y?
3, 79
Let l(c) = -2*c - 1. Let r be 0 + (-1 - -2 - -1). Suppose -1 = k + r. What are the prime factors of l(k)?
5
Let n = 101 - -292. List the prime factors of n.
3, 131
Suppose -42*k + 480 = -37*k. List the prime factors of k.
2, 3
Let u(m) = -11*m - 31. List the prime factors of u(-8).
3, 19
Let s(b) = -15*b + 12. Let i be s(-6). List the prime factors of i/4 + 8/(-16).
5
List the prime factors of (-2)/(-11) - 11320/(-55).
2, 103
Let u(i) = 9*i**2 + i. Let r be u(-1). Suppose t - 3*w + 0*w = r, 5*t - 54 = w. What are the prime factors of t?
11
Suppose 0*f + 40 = -5*f. Let y = 33 + f. Suppose y = 5*w - 5. List the prime factors of w.
2, 3
Suppose i = -3*i + 292. Suppose 0 = 3*h - d - 38 - 27, -i = -3*h + 5*d. Suppose -5*q + 14 = -h. What are the prime factors of q?
7
Let a(i) = -5*i - 21. List the prime factors of a(-14).
7
Let d(i) be the third derivative of -i**6/720 - i**5/60 + i**4/24 + i**2. Let s(c) be the second derivative of d(c). List the prime factors of s(-4).
2
Suppose 5*j + 2*a = 25, -2*a = -3*j + 2*j - 7. Suppose -j*c = -4*q - 5, -4*q = -5*c - 7*q + 18. What are the prime factors of c?
3
Suppose -196 = -4*d + 156. List the prime factors of d.
2, 11
Let i be (1904/2)/4 - 3. Suppose -4*p = -9*p + i. List the prime factors of p.
47
Let g(m) = -m + 8. Let k be -2 + (-1 - 0) + 8. What are the prime factors of g(k)?
3
Suppose y + 3*v - 86 = 0, 2*y - 5*v - 92 = 47. What are the prime factors of y?
7, 11
Let a(k) = -k**2 - 7*k - 2. Let p be a(-4). Suppose 4*g = 2*v + 20, 5*v + 3*g - 5 - p = 0. Suppose v = 4*z - 7*z + 27. List the prime factors of z.
3
List the prime factors of (-14)/28 - (-17)/2.
2
Suppose f - 2*k = 44, -2*k = -3*f + 2*k + 132. List the prime factors of f.
2, 11
Let u = -36 + 68. Suppose -3*m + u = 3*z + z, -z + 8 = m. What are the prime factors of z?
2
Let m(h) = -h**3 + 7*h**2 - 5*h + 7. Let b be m(6). Let l = 42 - b. What are the prime factors of l?
29
Let n(i) be the first derivative of -i**2/2 + 5*i + 2. List the prime factors of n(-4).
3
Let q(u) = u**3 - 7*u**2 + 7*u - 4. Let i be 50/4 - (-1)/(-2). Suppose g + 4*r = 2*r + i, 0 = 2*g + 5*r - 27. What are the prime factors of q(g)?
2
Let g(b) = -b**3 + 7*b**2. Let y be g(5). Suppose -4*v - v = -y. What are the prime factors of v?
2, 5
Let z be 9/6 + 27/2. Let j = -9 + z. What are the prime factors of j?
2, 3
Let i(n) = 32*n - 6. List the prime factors of i(4).
2, 61
Suppose -m + 4*i + 0*i = -32, 3*i = -4*m + 128. List the prime factors of m.
2
Let v be (-1 - (-3)/6)*-14. Let c = v - -3. What are the prime factors of c?
2, 5
Let c(a) = -7*a - 4 - 6*a + 7. Let z be c(2). Let w = z - -35. What are the prime factors of w?
2, 3
Let z = 7 + -5. Suppose -2*d - 5*j + 2 = 0, z*d + 6 - 2 = -2*j. Let h = 6 + d. List the prime factors of h.
2
Suppose -x - 4 = x, 5*y = -3*x + 39. What are the prime factors of y?
3
Suppose -18 = -z - 7. Suppose -w + 12 = w. Let g = z - w. List the prime factors of g.
5
Suppose 3*g - 236 = -0*g - 4*r, 0 = -5*g - 5*r + 385. What are the prime factors of g?
2, 3
Let f(q) = q**2 - q + 2. Let i be f(2). Suppose 0 = 2*s - i*s + 10. Suppose k = s*k - 44. What are the prime factors of k?
11
Let j(f) = -7*f**2 + 9*f - 12. Let g(p) = 13*p**2 - 17*p + 23. Let v(x) = 6*g(x) + 11*j(x). What are the prime factors of v(4)?
2, 5
Suppose -2*t + 69 = 5*n, -3*t + 27 = -4*n - 19. Suppose -k - k + t = 0. What are the prime factors of k?
11
Let k(o) be the second derivative of o**3/3 + 4*o**2 - 5*o. What are the prime factors of k(7)?
2, 11
What are the prime factors of ((-2)/3)/((-4)/564)?
2, 47
Suppose 3*n + 5*l + 28 = 0, 3*n - 32 = 5*l - 10. What are the prime factors of 6 - (1 - -1) - n?
5
Suppose -i = -5*i, -3*i = -5*s + 310. List the prime factors of s.
2, 31
Suppose -5*w - 3 = 12. List the prime factors of (-2)/w*90/4.
3, 5
Let s = -1 + 3. Suppose s*r = -0*r + 3*i + 27, 5*r = i + 74. List the prime factors of r.
3, 5
Let y be 2*(-3)/6*-37. Suppose -11 = d - r - y, -d = 4*r - 46. What are the prime factors of d?
2, 3, 5
Let d = -94 - -188. List the prime factors of d.
2, 47
Let u(k) = -2*k + 22. List the prime factors of u(7).
2
Suppose -5*k = 23 + 52. What are the prime factors of (3 - 0) + (13 - k)?
31
Suppose 5*j - 70 = 225. List the prime factors of j.
59
Let k(q) be the second derivative of -q**8/1680 + q**6/720 - q**4/4 - 2*q. Let r(l) be the third derivative of k(l). List the prime factors of r(-1).
3
Suppose -6*q = -8*q + 280. What are the prime factors of q?
2, 5, 7
Let x(n) = n + 21. Let j(w) = -w**3 - 2*w + 3. Let u = 2 + 0. Let z be j(u). What are the prime factors of x(z)?
2, 3
Let j be (-2 + 8)/(1 - -1). Suppose -8 = -i - j. Suppose 38 = i*b + p + 2*p, 2*b + 4*p = 4. List the prime factors of b.
2, 5
Suppose 4*s - 2*s = -54. What are the prime factors of (5/(-15))/(1/s)?
3
Suppose -2*n - 26 = -4*q, -n = 4*n - 2*q + 81. Let o be (-8)/12 + n/(-3). Let m = o - -7. List the prime factors of m.
2, 3
Let f(r) = -r**3 - 4*r**2 + 3*r + 4. Suppose 2*q = -2*q - 20. Let l be f(q). Suppose -3*x + 4 = -l. What are the prime factors of x?
2, 3
Let y(d) = 21*d**2 - 1. What are the prime factors of y(1)?
2, 5
Suppose -15 = -3*n, 4*n = -c + 3*c + 16. Let m(x) = x**3 - 6*x**2 + 4. Let o be m(6). Suppose o*q = c*q + 22. What are the prime factors of q?
11
Suppose -3*s + 0 + 18 = -3*p, -2*s - 4*p = 0. What are the prime factors of s?
2
Let y(u) be the third derivative of u**5/60 + u**4/24 - u**3/3 - 2*u**2. Let m be ((-3)/2)/(6/16). List the prime factors of y(m).
2, 5
Suppose 134 = -d + 3*d. What are the prime factors of d?
67
Suppose 0 = a - 0*a + 2*d + 7, 2*a + 16 = -3*d. Let k = 0 + -2. Let n = k - a. What are the prime factors of n?
3
Suppose 5*p = -2*w + 26, 0*p = w - 4*p. List the prime factors of w.
2
Suppose 5*a = 2*c - 168, -4*c + c = 5*a + 148. List the prime factors of 0 + a/(-2) + -4.
2, 3
Suppose -4 = -s + w, -2*s = -6*s + 3*w + 14. Suppose -s*v - 42 = -4*v. What are the prime factors of v?
3, 7
Suppose -8 = 5*b - b. List the prime factors of 35*b*(-14)/20.
7
Suppose -95 = -2*l + 5*v, -6*l + 50 = -5*l - 2*v. Suppose 0 = -d + 6*d - l. What are the prime factors of (-1)/(-2 + 21/d)?
2
Let p(r) = r**3 - 4*r**2 + 2*r + 4. Suppose 4*u + u - 45 = 0. Let b be (-2)/4 + u/2. List the prime factors of p(b).
2, 3
Let z = 24 - 20. Suppose -210 = -z*d - 3*d. List the prime factors of d.
2, 3, 5
Suppose 2 = 3*l - 16. Let z(i) = 3*i - 3. List the prime factors of z(l).
3, 5
Let o = -2 + 4. Suppose -o = g - 2*g. Suppose -v + 4*v - 18 = -3*x, g*v + 4 = 0. List the prime factors of x.
2
Suppose -4*j - 5*d + 32 = -d, 5*d - 24 = -j. Let s = -4 + j. Let t = 5 - s. List the prime factors of t.
5
Let a(h) = -33*h - 22. List the prime factors of a(-6).
2, 11
Let f be ((-3)/(3/(-2)))/1. Suppose 2*l - 48 = -4*l. Let k = f + l. List the prime factors of k.
2, 5
Let i = -4 + 50. What are the prime factors of i?
2, 23
Let w = 106 + -79. List the prime factors of w.
3
Let d(v) = v**2 - v - 6. Suppose a = 7 + 4. Let z be d(a). Suppose 35 - z = -3*h. List the prime factors of h.
23
Let q = -66 + 95. List the prime factors of q.
29
Suppose 3*y + 1 = 2*z, 5*z + 2*y - 7 = 5*y. Suppose 4*c + z - 30 = 0. List the prime factors of c.
7
Suppose -7*s + 278 + 212 = 0. What are the prime factors of s?
2, 5, 7
Suppose -r = -3 + 2. Let f = r + 0. List the prime factors of (-24)/(-3) + (2 - f).
3
Let h be 3 - 4/2*24. What are the prime factors of h/((-5)/(40/12))?
2, 3, 5
Suppose 4*p - 2*b = 328, -3*p + 4*b + 360 = 104. List the prime factors of p.
2, 5
Let k(q) = 2*q - 10. Let a be k(7). Suppose -35 = -5*y + 2*m, -3*y - a*m - m + 21 = 0. Suppose 2*z - 11 = y. What are the prime factors of z?
3
Let d(g) = 12*g - 7. List the prime factors of d(6).
5, 13
Suppose -3*u = 3*t + 147, -3*t = 2*t + 15. Let a = -3 - u. What are the prime factors of a?
43
Let g be (2/3)/(6/(-117)). Let d = g + 21. List the prime factors of d.
2
Suppose 4*a - 29 = 5*o, 5*o - 2*a = 3*o - 12. Let w = o + 8. Suppose -w*b + 18 = -0*b. What are the prime factors of b?
2, 3
Suppose 0*t - 4*t + 12 = 0. What are the prime factors of 250/8 - t/12?
3